- 897. Let a = -76 + 113. Calculate the remainder when n is divided by a.
12
Let t = 230 + -226. Suppose -77 = -t*p - 2*v + v, -5*v = -4*p + 95. Calculate the remainder when 54 is divided by p.
14
What is the remainder when (2 - (-18)/(-9))/(-2) + 1009 is divided by 26?
21
Suppose -39*a + 29*a + 20 = 0. Suppose -3*h = 5*p - 4*p - 43, -h + 26 = -a*p. Calculate the remainder when 45 is divided by h.
13
What is the remainder when 62 is divided by 9594/2378 + (-1)/29?
2
Let x be (-2)/(-7) - (-618)/(-42)*-1. Suppose 21*o = x*o + 78. Suppose 2*d - 11 = -5. What is the remainder when o is divided by d?
1
Let a(p) = 2*p**2 - 22*p + 31. Suppose 56*u - 59*u + 33 = 0. Calculate the remainder when 61 is divided by a(u).
30
Suppose 1722 = 217*q - 3703. Let k(d) = 67*d - 3. Calculate the remainder when k(3) is divided by q.
23
What is the remainder when 21756/140 - 4/(-30)*-3 is divided by 772/14 + -15 + (-520)/(-35)?
45
Let c(k) = 124*k - 440. What is the remainder when 1076 is divided by c(5)?
176
Suppose 41*y - 42*y = -44. Let j(b) = -b**3 + 15*b**2 - 34*b - 26. Calculate the remainder when j(11) is divided by y.
40
Let h(v) = v**2 - 37*v - 6. Let y be h(37). Let x(k) = 2*k**3 + 13*k**2 + 3*k - 11. What is the remainder when 291 is divided by x(y)?
4
Let d = 923 - 921. Let f(y) = 49*y + 2. Calculate the remainder when f(d) is divided by 27.
19
Let s(o) = -7*o - 102. Let n be s(-14). What is the remainder when 21 is divided by ((-84)/(-462))/(n/(-22))?
0
Let w = 3732 - 3370. Calculate the remainder when w is divided by 128.
106
Let u = 2126 - 2012. Calculate the remainder when u is divided by 74.
40
Suppose 536*y - 3*c - 2446 = 535*y, 2*c = 10. What is the remainder when y is divided by 77?
74
Suppose -5*d = 2*k - 6, 4 = 5*d - 3*k + 13. Suppose -2*u - 5*l + 359 = 0, d*u - 3*u + l + 530 = 0. Calculate the remainder when u is divided by 15.
12
Suppose -179*n - 1995 = -2*z - 182*n, -3*z + 2*n = -2947. Calculate the remainder when z is divided by 63.
42
Suppose 5*i + 4774*l = 4779*l + 815, 783 = 5*i + 3*l. Calculate the remainder when 728 is divided by i.
92
Suppose 0 = -4*x - 8 + 56. Suppose -257 = -7*r - 1979. Let d = r + 292. Calculate the remainder when d is divided by x.
10
Suppose 0 = 41*z - 5*z + 252. What is the remainder when (-20062)/(-35) + z + (-2)/10 is divided by 21?
20
Let j = -118 - -115. Let v be 1/((0 - j/21)/1). What is the remainder when 28 is divided by 4 - v - 20/(-2)?
0
Suppose -4*s + 1277 = -3*t + 94, 0 = 4*s + 13*t - 1295. Calculate the remainder when 1220 is divided by s.
16
Let l(b) = -4*b**2 + 25*b + 23. Calculate the remainder when 189 is divided by l(5).
45
Let y(p) = -p**3 + 8*p**2 + 9. Let v = 749 + -737. What is the remainder when y(7) is divided by v?
10
Let u = 17465 + -17319. Let b(p) = 2*p**2 + 5*p + 7. Calculate the remainder when u is divided by b(-6).
48
Let a = 34014 + -32481. Calculate the remainder when 4612 is divided by a.
13
Let x(k) = k**2 - 13*k + 25. Let i be x(11). Let j be (i/5)/((-4)/(-60)). Suppose 7*u = j*u - 12. Calculate the remainder when 70 is divided by u.
4
Let h(k) = -k**3 - 4*k**2 - 2*k + 2. Let x(t) = -62*t**2 + 4*t + 1. Let j be x(-1). What is the remainder when h(-5) is divided by (6/(-5))/6*j?
11
Let s(a) = -39*a + 50. Let r be s(-4). Let t = 210 - r. What is the remainder when 45 is divided by t?
1
Suppose 0 = 3389*m - 3360*m - 2088. Calculate the remainder when 266 is divided by m.
50
Let j(w) = -17*w - 375. What is the remainder when j(-25) is divided by 24?
2
Let a = -407 - -416. Suppose 23 = w - 38. What is the remainder when w is divided by a?
7
Calculate the remainder when (-2396)/(-6) - -2 - (-12)/90*-10 is divided by 29.
23
Let c be ((-16)/(-50 + 2))/(1/1161). Suppose 59 - c = -8*u. Calculate the remainder when (-4)/14 - (-1124)/14 is divided by u.
39
Suppose 5*j - 1235 = -6*w, 0 = -j - 5*w + 4*w + 246. Calculate the remainder when j is divided by 21.
10
Suppose -5*z + 19*x = 22*x - 3348, -2*x = -2. Calculate the remainder when z is divided by 22.
9
Suppose -5*p + 5*l + 3250 = 0, 0*p - 668 = -p + 4*l. Calculate the remainder when p is divided by 37.
15
Let y = 2 - -7. Let s = 8197 - 8181. What is the remainder when s is divided by y?
7
Suppose -542 = -15*o + 523. Let h(r) = -4*r - 11. Calculate the remainder when o is divided by h(-10).
13
Suppose -1276 = 132*j - 40049 - 28943. What is the remainder when 1065 is divided by j?
39
Let p(a) be the second derivative of -a**4/12 + a**3/2 + 47*a**2/2 + 86*a. Calculate the remainder when 371 is divided by p(0).
42
Calculate the remainder when 297 is divided by ((-3)/9)/(10/120) - -35.
18
Let k(c) = -34*c**2 + 85*c - 6. Let l be k(5). Let j = -16 + 29. What is the remainder when 63 is divided by (-2)/j - l/13?
30
Let q(y) be the third derivative of y**5/30 + y**3/6 + 4*y**2. Let f = -450 - -456. What is the remainder when f is divided by q(-1)?
0
Suppose -5*b = -2*a - 64, -31*b + 4*a - 16 = -33*b. Calculate the remainder when 628 is divided by b.
4
Suppose 5*l = 5*k - 320, -2*l + 73 = -240*k + 241*k. What is the remainder when 707 is divided by k?
37
Let n be 6*1/2*-11. Let z = n + 37. Suppose -8*a = -z*a - 216. What is the remainder when a is divided by 19?
16
Suppose -o - 55 = -4*x - x, x - 5*o - 35 = 0. Suppose -x*g - 16 = -12*g. Suppose g*h - 13*h = -95. What is the remainder when 73 is divided by h?
16
Let t = 138 + -620. Let i = -265 - t. What is the remainder when i is divided by 22?
19
Let a = -2721 - -3532. What is the remainder when a is divided by 64?
43
Let f = 51 + 5. Let l = -23 + 38. Calculate the remainder when f is divided by 404/20 - 3/l.
16
Let s(q) = -2*q**3 + 19*q**2 + 17*q - 13. Let f be s(9). Let k = f + -195. What is the remainder when 101 is divided by k?
23
Suppose 56*p = 35*p - 693. Calculate the remainder when (-4378)/p - (-6)/18 is divided by (-4)/18 + (-814)/(-18).
43
Let f(b) = -b**2 + 17*b + 11. Suppose 4*y = -3*i + 133, -143*i + 168 = 4*y - 147*i. Calculate the remainder when f(8) is divided by y.
9
Let w(f) = -f**2 - 20*f + 37. Suppose -4*a + 3*g = 2*g + 84, -2*a - 42 = g. Calculate the remainder when 71 is divided by w(a).
7
Let u = -102 + 125. Let c = -9 - u. What is the remainder when (16/c)/((-1)/44) is divided by 12?
10
Let z(g) = 2*g**2 - 9*g - 1926. Calculate the remainder when 165 is divided by z(-29).
12
Let t(x) = 3*x**2 - 72*x - 3113. Calculate the remainder when t(104) is divided by 46.
43
Let s = -22119 - -22169. Calculate the remainder when 145 is divided by s.
45
Suppose x + s - 23 = 0, 70 = 2*x + 178*s - 182*s. Suppose -5*w - 48 - 12 = 0. Let n = -5 - w. Calculate the remainder when x is divided by n.
6
Suppose 41*w - 39*w - 8 = 0. Calculate the remainder when 168/7*1 + w is divided by 5.
3
Let h = 15288 + -14251. What is the remainder when h is divided by 61?
0
Suppose -g + 92 = -0*g. Let i = 26 + -38. Let a = 43 + i. Calculate the remainder when g is divided by a.
30
Suppose r - 1971*i = -1970*i + 8, 0 = r + 5*i - 86. Calculate the remainder when (-7*1)/(2/(-28)) is divided by r.
14
Suppose 0 = 2*i - 5*d - 29, 0*i + i = -d - 3. Suppose -3*p - 2*u = -811, i*p - 2*u = 4*p - 540. Calculate the remainder when p is divided by 69.
64
Calculate the remainder when (-154520)/(-280) + (27/(-7) - -3) is divided by 156.
83
Let w(l) = -30*l + 1. Let a be w(-1). Calculate the remainder when 402 is divided by (a/4)/((-57)/(-228)).
30
Let j = 25 - 23. Suppose -y = 3*y - 2*d + 14, 19 = -j*y - 3*d. Calculate the remainder when 720/(-12)*((-3)/y - 1) is divided by 9.
6
Let l = 0 - -2. What is the remainder when (-5)/((-15)/(-44))*(1224/(-96) + 12) is divided by l?
1
Let l = 386 + -410. Calculate the remainder when (3201/44)/(3/l*-2) is divided by 7.
4
Suppose -3 + 24 = y - 5*u, 42 = 2*y - 5*u. Suppose 9*o - y = 24. Suppose 2*c = 4*d - 3*d - 6, -d + 34 = o*c. Calculate the remainder when 69 is divided by d.
13
Let i = 7468 - 7447. Calculate the remainder when 1464 is divided by i.
15
Let d = -6018 - -6023. Calculate the remainder when 285 is divided by d.
0
Let t = -11 + 30. Let x(l) = 0*l**2 + 0*l**2 + l**2 + 35. Calculate the remainder when x(0) is divided by t.
16
Let q(i) = -161*i + 3188. Calculate the remainder when q(0) is divided by 103.
98
Let b(s) = 15*s - 256. Let w be b(16). What is the remainder